{"id":3828,"date":"2020-07-27T11:51:12","date_gmt":"2020-12-11T15:40:09","guid":{"rendered":"https:\/\/melform.hu\/?post_type=product&#038;p=3828"},"modified":"2022-04-15T08:46:58","modified_gmt":"2022-04-15T08:46:58","slug":"koala-20-as","status":"publish","type":"product","link":"https:\/\/melform.hu\/hu\/termek\/koala-20-as\/","title":{"rendered":"Koala 20 AS"},"content":{"rendered":"<div class=\"wpb-content-wrapper\"><p>[vc_row][vc_column][vc_column_text]A h\u0171t\u00f6tt \u00e9s fagyasztott term\u00e9kek ellen\u0151rz\u00f6tt h\u0151m\u00e9rs\u00e9kleten t\u00f6rt\u00e9n\u0151 sz\u00e1ll\u00edt\u00e1s\u00e1ra alkalmas fagyaszt\u00f3l\u00e1da.<\/p>\n<ul>\n<li>V\u00e1ltozatok:<\/li>\n<\/ul>\n<p>o AS: h\u0151m\u00e9rs\u00e9klet be\u00e1ll\u00edt\u00e1si tartom\u00e1ny: -18\u00b0C &#8230;+10\u00b0C;<\/p>\n<p>o ASH: f\u0171t\u00e9ssel \u2013 h\u0151m\u00e9rs\u00e9klet be\u00e1ll\u00edt\u00e1si tartom\u00e1ny: -18\u00b0C &#8230;+40\u00b0.<\/p>\n<ul>\n<li>A l\u00e1da falaiban tal\u00e1lhat\u00f3 szigetel\u00e9s biztos\u00edtja, hogy a h\u0171t\u0151egys\u00e9g minim\u00e1lis sz\u00e1m\u00fa beind\u00edt\u00e1sa mellett garant\u00e1lt legyen a h\u0151m\u00e9rs\u00e9klet fenntart\u00e1sa; ez hozz\u00e1j\u00e1rul az energiafogyaszt\u00e1s korl\u00e1toz\u00e1s\u00e1hoz.<\/li>\n<li>M\u00e9retei \u00e9s a s\u00falytartalomnak k\u00f6sz\u00f6nhet\u0151en j\u00e1rm\u0171vel k\u00f6nnyen sz\u00e1ll\u00edthat\u00f3 \u00e9s k\u00f6nny\u0171szerrel mozgathat\u00f3.<\/li>\n<li>A h\u0171t\u0151egys\u00e9g akkor aktiv\u00e1l\u00f3dik, ha a k\u00fcls\u0151 h\u0151m\u00e9rs\u00e9klet magasabb, mint a programozhat\u00f3 digit\u00e1lis termoszt\u00e1ttal be\u00e1ll\u00edtott h\u0151m\u00e9rs\u00e9klet. Ez lehet\u0151v\u00e9 teszi az \u00e1lland\u00f3 h\u0151m\u00e9rs\u00e9klet fenntart\u00e1s\u00e1t m\u00e9g nagyon magas k\u00fcls\u0151 h\u0151m\u00e9rs\u00e9klet eset\u00e9n is.<\/li>\n<li>Az ASH verzi\u00f3kban a f\u0171t\u0151egys\u00e9g akkor aktiv\u00e1l\u00f3dik, amikor a k\u00fcls\u0151 h\u0151m\u00e9rs\u00e9klet alacsonyabb, mint a programozhat\u00f3 digit\u00e1lis termoszt\u00e1ttal be\u00e1ll\u00edtott h\u0151m\u00e9rs\u00e9klet. Ez lehet\u0151v\u00e9 teszi az \u00e1lland\u00f3 h\u0151m\u00e9rs\u00e9klet fenntart\u00e1s\u00e1t nagyon alacsony k\u00fcls\u0151 h\u0151m\u00e9rs\u00e9kletek eset\u00e9n<\/li>\n<li>A hideg l\u00e1nc teljes m\u00e9rt\u00e9k\u0171 betart\u00e1sa a sz\u00e1ll\u00edt\u00e1s minden szakasz\u00e1ban.<\/li>\n<li>Szok\u00e1sos, nem m\u00f3dos\u00edtott j\u00e1rm\u0171vekkel is sz\u00e1ll\u00edthat\u00f3: lehet\u0151v\u00e9 teszi h\u0171t\u00f6tt, fagyasztott \u00e9s k\u00f6rnyezeti h\u0151m\u00e9rs\u00e9klet\u0171 term\u00e9kek egyidej\u0171 sz\u00e1ll\u00edt\u00e1s\u00e1t egyetlen, nem szigetelt j\u00e1rm\u0171vel.<\/li>\n<li>Kis fogyaszt\u00e1s\u00fa h\u0171t\u0151egys\u00e9ggel van felszerelve.<\/li>\n<li>Kett\u0151s \u00e1ramforr\u00e1s: sz\u00e1ll\u00edt\u00e1s k\u00f6zben csatlakoztathat\u00f3 a j\u00e1rm\u0171 akkumul\u00e1tor\u00e1hoz (vagy kieg\u00e9sz\u00edt\u0151 elem\u00e9hez), \u00e9s rendeltet\u00e9si hely\u00e9n csatlakoztathat\u00f3 a h\u00e1l\u00f3zathoz.<\/li>\n<li>Forg\u00f3 fr\u00f6ccsent\u00e9si technol\u00f3gi\u00e1val gy\u00e1rtva: egyblokkos tart\u00e1ly \u00e9s ajt\u00f3 (\u00e9les sz\u00e9lekt\u0151l, illeszt\u00e9sekt\u0151l \u00e9s hegeszt\u00e9sekt\u0151l mentes).<\/li>\n<li>Az \u00e9lettartam v\u00e9g\u00e9n teljesen \u00fajrahasznos\u00edthat\u00f3.<\/li>\n<\/ul>\n<p>[\/vc_column_text][vc_row_inner][vc_column_inner][vc_column_text]A megadott \u00e1r 1 darab, K20ASIS k\u00f3ddal rendelkez\u0151 term\u00e9k rendel\u00e9s\u00e9n\u00e9l \u00e9rv\u00e9nyes. K\u00e9rj\u00fck, amennyiben m\u00e1sik k\u00f3ddal rendelkez\u0151 term\u00e9ket szeretne megrendelni vagy nagyobb mennyis\u00e9g \u00e9rdekli, vegye fel vel\u00fcnk a kapcsolatot.[\/vc_column_text][\/vc_column_inner][\/vc_row_inner][\/vc_column][\/vc_row][vc_row gap=&#8221;20&#8243;][vc_column width=&#8221;1\/2&#8243;][vc_column_text]<\/p>\n<table width=\"442\">\n<tbody>\n<tr>\n<td style=\"text-align: left;\"><strong>V\u00e1ltozatok<\/strong><\/td>\n<td><\/td>\n<\/tr>\n<tr>\n<td style=\"text-align: left;\">Fels\u0151 nyit\u00e1s 0\u00b0C +10\u00b0C<\/td>\n<td style=\"text-align: left;\">Term\u00e9kk\u00f3d: K20ASISDYM0<\/td>\n<\/tr>\n<tr>\n<td style=\"text-align: left;\">Fels\u0151 nyit\u00e1s -18\u00b0C +10\u00b0C<\/td>\n<td style=\"text-align: left;\">Term\u00e9kk\u00f3d: K20ASISCYM0<\/td>\n<\/tr>\n<tr>\n<td style=\"text-align: left;\">Fels\u0151 nyit\u00e1s f\u0171t\u00e9ssel 0\u00b0C +40\u00b0C<\/td>\n<td style=\"text-align: left;\">Term\u00e9kk\u00f3d: K20ASISDZM0<\/td>\n<\/tr>\n<tr>\n<td style=\"text-align: left;\">Fels\u0151 nyit\u00e1s f\u0171t\u00e9ssel -18\u00b0C +40\u00b0C<\/td>\n<td style=\"text-align: left;\">Term\u00e9kk\u00f3d: K20ASISCZM0<\/td>\n<\/tr>\n<\/tbody>\n<\/table>\n<p>[\/vc_column_text][\/vc_column][vc_column width=&#8221;1\/2&#8243;][vc_column_text]<\/p>\n<table width=\"442\">\n<tbody>\n<tr>\n<td><strong><span class=\"VIiyi\" lang=\"hu\"><span class=\"JLqJ4b ChMk0b\" data-language-for-alternatives=\"hu\" data-language-to-translate-into=\"ro\" data-phrase-index=\"0\">Inform\u00e1ci\u00f3k<\/span><\/span><\/strong><\/td>\n<td><\/td>\n<\/tr>\n<tr>\n<td style=\"text-align: left;\">K\u00fcls\u0151 m\u00e9retek (mm):<\/td>\n<td style=\"text-align: left;\">345x515x425h<\/td>\n<\/tr>\n<tr>\n<td style=\"text-align: left;\">Bels\u0151 m\u00e9retek (mm):<\/td>\n<td style=\"text-align: left;\">220x280x340h<\/td>\n<\/tr>\n<tr>\n<td style=\"text-align: left;\">\u0170rtartalom:<\/td>\n<td style=\"text-align: left;\">21 l<\/td>\n<\/tr>\n<tr>\n<td style=\"text-align: left;\">S\u00faly:<\/td>\n<td style=\"text-align: left;\">16 kg<\/td>\n<\/tr>\n<\/tbody>\n<\/table>\n<p>[\/vc_column_text][\/vc_column][\/vc_row][vc_row css=&#8221;.vc_custom_1595603772737{padding-top: 30px !important;padding-bottom: 30px !important;}&#8221;][vc_column]<div class=\"basel-button-wrapper text-center btn-inline\"><a href=\"https:\/\/melform.hu\/wp-content\/uploads\/2021\/04\/Koala20_top_opening_portable_refrigerator_Rev1_GB.pdf\" title=\"Adatlap\" target=\"_blank\" class=\"btn btn-color-primary btn-style-bordered btn-size-large\">Adatlap<\/a><\/div>[\/vc_column][\/vc_row]<\/p>\n<\/div>","protected":false},"excerpt":{"rendered":"<p>[vc_row][vc_column][vc_column_text]A h\u0171t\u00f6tt \u00e9s fagyasztott term\u00e9kek ellen\u0151rz\u00f6tt h\u0151m\u00e9rs\u00e9kleten t\u00f6rt\u00e9n\u0151 sz\u00e1ll\u00edt\u00e1s\u00e1ra alkalmas fagyaszt\u00f3l\u00e1da. V\u00e1ltozatok: o AS: h\u0151m\u00e9rs\u00e9klet be\u00e1ll\u00edt\u00e1si tartom\u00e1ny: -18\u00b0C &#8230;+10\u00b0C; o<\/p>\n","protected":false},"featured_media":3827,"template":"","meta":[],"product_cat":[101],"product_tag":[],"class_list":["post-3828","product","type-product","status-publish","has-post-thumbnail","product_cat-fagyasztott-kontenerek-gyogyszeripari-logisztikahoz-koala-line","first","instock","taxable","shipping-taxable","product-type-simple"],"_links":{"self":[{"href":"https:\/\/melform.hu\/hu\/wp-json\/wp\/v2\/product\/3828","targetHints":{"allow":["GET"]}}],"collection":[{"href":"https:\/\/melform.hu\/hu\/wp-json\/wp\/v2\/product"}],"about":[{"href":"https:\/\/melform.hu\/hu\/wp-json\/wp\/v2\/types\/product"}],"wp:featuredmedia":[{"embeddable":true,"href":"https:\/\/melform.hu\/hu\/wp-json\/wp\/v2\/media\/3827"}],"wp:attachment":[{"href":"https:\/\/melform.hu\/hu\/wp-json\/wp\/v2\/media?parent=3828"}],"wp:term":[{"taxonomy":"product_cat","embeddable":true,"href":"https:\/\/melform.hu\/hu\/wp-json\/wp\/v2\/product_cat?post=3828"},{"taxonomy":"product_tag","embeddable":true,"href":"https:\/\/melform.hu\/hu\/wp-json\/wp\/v2\/product_tag?post=3828"}],"curies":[{"name":"wp","href":"https:\/\/api.w.org\/{rel}","templated":true}]}}

<div class="wpb-content-wrapper"><p>[vc_row][vc_column][vc_column_text]A hűtött és fagyasztott termékek ellenőrzött hőmérsékleten történő szállítására alkalmas fagyasztóláda.</p>
<ul>
<li>Változatok:</li>
</ul>
<p>o AS: hőmérséklet beállítási tartomány: -18°C &#8230;+10°C;</p>
<p>o ASH: fűtéssel – hőmérséklet beállítási tartomány: -18°C &#8230;+40°.</p>
<ul>
<li>A láda falaiban található szigetelés biztosítja, hogy a hűtőegység minimális számú beindítása mellett garantált legyen a hőmérséklet fenntartása; ez hozzájárul az energiafogyasztás korlátozásához.</li>
<li>Méretei és a súlytartalomnak köszönhetően járművel könnyen szállítható és könnyűszerrel mozgatható.</li>
<li>A hűtőegység akkor aktiválódik, ha a külső hőmérséklet magasabb, mint a programozható digitális termosztáttal beállított hőmérséklet. Ez lehetővé teszi az állandó hőmérséklet fenntartását még nagyon magas külső hőmérséklet esetén is.</li>
<li>Az ASH verziókban a fűtőegység akkor aktiválódik, amikor a külső hőmérséklet alacsonyabb, mint a programozható digitális termosztáttal beállított hőmérséklet. Ez lehetővé teszi az állandó hőmérséklet fenntartását nagyon alacsony külső hőmérsékletek esetén</li>
<li>A hideg lánc teljes mértékű betartása a szállítás minden szakaszában.</li>
<li>Szokásos, nem módosított járművekkel is szállítható: lehetővé teszi hűtött, fagyasztott és környezeti hőmérsékletű termékek egyidejű szállítását egyetlen, nem szigetelt járművel.</li>
<li>Kis fogyasztású hűtőegységgel van felszerelve.</li>
<li>Kettős áramforrás: szállítás közben csatlakoztatható a jármű akkumulátorához (vagy kiegészítő eleméhez), és rendeltetési helyén csatlakoztatható a hálózathoz.</li>
<li>Forgó fröccsentési technológiával gyártva: egyblokkos tartály és ajtó (éles szélektől, illesztésektől és hegesztésektől mentes).</li>
<li>Az élettartam végén teljesen újrahasznosítható.</li>
</ul>
<p>[/vc_column_text][vc_row_inner][vc_column_inner][vc_column_text]A megadott ár 1 darab, K20ASIS kóddal rendelkező termék rendelésénél érvényes. Kérjük, amennyiben másik kóddal rendelkező terméket szeretne megrendelni vagy nagyobb mennyiség érdekli, vegye fel velünk a kapcsolatot.[/vc_column_text][/vc_column_inner][/vc_row_inner][/vc_column][/vc_row][vc_row gap=&#8221;20&#8243;][vc_column width=&#8221;1/2&#8243;][vc_column_text]</p>
<table width="442">
<tbody>
<tr>
<td style="text-align: left;"><strong>Változatok</strong></td>
<td></td>
</tr>
<tr>
<td style="text-align: left;">Felső nyitás 0°C +10°C</td>
<td style="text-align: left;">Termékkód: K20ASISDYM0</td>
</tr>
<tr>
<td style="text-align: left;">Felső nyitás -18°C +10°C</td>
<td style="text-align: left;">Termékkód: K20ASISCYM0</td>
</tr>
<tr>
<td style="text-align: left;">Felső nyitás fűtéssel 0°C +40°C</td>
<td style="text-align: left;">Termékkód: K20ASISDZM0</td>
</tr>
<tr>
<td style="text-align: left;">Felső nyitás fűtéssel -18°C +40°C</td>
<td style="text-align: left;">Termékkód: K20ASISCZM0</td>
</tr>
</tbody>
</table>
<p>[/vc_column_text][/vc_column][vc_column width=&#8221;1/2&#8243;][vc_column_text]</p>
<table width="442">
<tbody>
<tr>
<td><strong><span class="VIiyi" lang="hu"><span class="JLqJ4b ChMk0b" data-language-for-alternatives="hu" data-language-to-translate-into="ro" data-phrase-index="0">Információk</span></span></strong></td>
<td></td>
</tr>
<tr>
<td style="text-align: left;">Külső méretek (mm):</td>
<td style="text-align: left;">345x515x425h</td>
</tr>
<tr>
<td style="text-align: left;">Belső méretek (mm):</td>
<td style="text-align: left;">220x280x340h</td>
</tr>
<tr>
<td style="text-align: left;">Űrtartalom:</td>
<td style="text-align: left;">21 l</td>
</tr>
<tr>
<td style="text-align: left;">Súly:</td>
<td style="text-align: left;">16 kg</td>
</tr>
</tbody>
</table>
<p>[/vc_column_text][/vc_column][/vc_row][vc_row css=&#8221;.vc_custom_1595603772737{padding-top: 30px !important;padding-bottom: 30px !important;}&#8221;][vc_column]<div class="basel-button-wrapper text-center btn-inline"><a href="https://melform.hu/wp-content/uploads/2021/04/Koala20_top_opening_portable_refrigerator_Rev1_GB.pdf" title="Adatlap" target="_blank" class="btn btn-color-primary btn-style-bordered btn-size-large">Adatlap</a></div>[/vc_column][/vc_row]</p>
</div>

<p>[vc_row][vc_column][vc_column_text]A hűtött és fagyasztott termékek ellenőrzött hőmérsékleten történő szállítására alkalmas fagyasztóláda. Változatok: o AS: hőmérséklet beállítási tartomány: -18°C &#8230;+10°C; o</p>
